hat are the prime factors of 143?
11, 13
List the prime factors of 105424.
2, 11, 599
What are the prime factors of 45926?
2, 22963
List the prime factors of 29567.
29567
What are the prime factors of 165372?
2, 3, 13781
List the prime factors of 91281.
3, 30427
List the prime factors of 1042.
2, 521
What are the prime factors of 12634?
2, 6317
List the prime factors of 1489.
1489
List the prime factors of 6636.
2, 3, 7, 79
List the prime factors of 3621.
3, 17, 71
List the prime factors of 1054.
2, 17, 31
What are the prime factors of 1517?
37, 41
What are the prime factors of 55913?
11, 13, 17, 23
List the prime factors of 3142.
2, 1571
List the prime factors of 1239.
3, 7, 59
What are the prime factors of 1586?
2, 13, 61
List the prime factors of 2711.
2711
What are the prime factors of 2524?
2, 631
List the prime factors of 8710.
2, 5, 13, 67
What are the prime factors of 156320?
2, 5, 977
What are the prime factors of 34565?
5, 31, 223
What are the prime factors of 8189?
19, 431
List the prime factors of 403.
13, 31
What are the prime factors of 1458?
2, 3
What are the prime factors of 96715?
5, 23, 29
List the prime factors of 6763.
6763
What are the prime factors of 1701?
3, 7
What are the prime factors of 39783?
3, 89, 149
List the prime factors of 1064.
2, 7, 19
List the prime factors of 9278.
2, 4639
List the prime factors of 65.
5, 13
What are the prime factors of 19667?
71, 277
List the prime factors of 1294.
2, 647
What are the prime factors of 20568?
2, 3, 857
List the prime factors of 8640.
2, 3, 5
List the prime factors of 36614.
2, 18307
List the prime factors of 14510.
2, 5, 1451
What are the prime factors of 77822?
2, 167, 233
What are the prime factors of 109542?
2, 3, 18257
List the prime factors of 2544.
2, 3, 53
List the prime factors of 34343.
61, 563
What are the prime factors of 240?
2, 3, 5
What are the prime factors of 713?
23, 31
List the prime factors of 4774.
2, 7, 11, 31
List the prime factors of 267.
3, 89
What are the prime factors of 86478?
2, 3, 7, 29, 71
What are the prime factors of 99748?
2, 11, 2267
List the prime factors of 17562.
2, 3, 2927
List the prime factors of 6046.
2, 3023
What are the prime factors of 9282?
2, 3, 7, 13, 17
List the prime factors of 1495.
5, 13, 23
List the prime factors of 117878.
2, 17, 3467
List the prime factors of 20214.
2, 3, 1123
List the prime factors of 12447.
3, 461
List the prime factors of 34276.
2, 11, 19, 41
List the prime factors of 837.
3, 31
List the prime factors of 20543.
20543
What are the prime factors of 28854?
2, 3, 7, 229
List the prime factors of 3586.
2, 11, 163
What are the prime factors of 960?
2, 3, 5
List the prime factors of 13845.
3, 5, 13, 71
List the prime factors of 82749.
3, 27583
What are the prime factors of 44635?
5, 79, 113
List the prime factors of 367.
367
What are the prime factors of 68364?
2, 3, 211
List the prime factors of 415.
5, 83
List the prime factors of 4167.
3, 463
What are the prime factors of 71708?
2, 7, 13, 197
List the prime factors of 50182.
2, 11, 2281
List the prime factors of 2224.
2, 139
What are the prime factors of 26896?
2, 41
What are the prime factors of 624?
2, 3, 13
What are the prime factors of 6291?
3, 233
List the prime factors of 1133.
11, 103
What are the prime factors of 2091?
3, 17, 41
List the prime factors of 39213.
3, 4357
What are the prime factors of 49356?
2, 3, 457
List the prime factors of 2435.
5, 487
List the prime factors of 651.
3, 7, 31
List the prime factors of 59298.
2, 3, 9883
List the prime factors of 28347.
3, 11, 859
What are the prime factors of 297?
3, 11
List the prime factors of 301.
7, 43
List the prime factors of 1053.
3, 13
List the prime factors of 7810.
2, 5, 11, 71
What are the prime factors of 17791?
17791
List the prime factors of 20319.
3, 13, 521
What are the prime factors of 5351?
5351
What are the prime factors of 3142?
2, 1571
What are the prime factors of 26140?
2, 5, 1307
What are the prime factors of 25002?
2, 3, 463
What are the prime factors of 148171?
148171
What are the prime factors of 4950?
2, 3, 5, 11
What are the prime factors of 9939?
3, 3313
What are the prime factors of 8780?
2, 5, 439
What are the prime factors of 103931?
43, 2417
What are the prime factors of 2873?
13, 17
List the prime factors of 14.
2, 7
What are the prime factors of 1061?
1061
What are the prime factors of 16336?
2, 1021
What are the prime factors of 2587?
13, 199
What are the prime factors of 2992?
2, 11, 17
List the prime factors of 81476.
2, 20369
List the prime factors of 76.
2, 19
What are the prime factors of 4238?
2, 13, 163
List the prime factors of 7898.
2, 11, 359
List the prime factors of 2758.
2, 7, 197
List the prime factors of 2435.
5, 487
List the prime factors of 33756.
2, 3, 29, 97
What are the prime factors of 1337?
7, 191
List the prime factors of 1811.
1811
List the prime factors of 4558.
2, 43, 53
What are the prime factors of 4341?
3, 1447
What are the prime factors of 56127?
3, 53, 353
List the prime factors of 16652.
2, 23, 181
List the prime factors of 2006.
2, 17, 59
List the prime factors of 158025.
3, 5, 7, 43
What are the prime factors of 1793?
11, 163
What are the prime factors of 18161?
11, 13, 127
What are the prime factors of 2303?
7, 47
What are the prime factors of 23884?
2, 7, 853
What are the prime factors of 1252?
2, 313
List the prime factors of 63960.
2, 3, 5, 13, 41
List the prime factors of 1212.
2, 3, 101
What are the prime factors of 21376?
2, 167
What are the prime factors of 151577?
41, 3697
What are the prime factors of 1131?
3, 13, 29
List the prime factors of 370.
2, 5, 37
List the prime factors of 2377.
2377
List the prime factors of 573.
3, 191
List the prime factors of 2595.
3, 5, 173
List the prime factors of 449.
449
List the prime factors of 1227.
3, 409
List the prime factors of 29984.
2, 937
What are the prime factors of 20?
2, 5
List the prime factors of 1768.
2, 13, 17
List the prime factors of 1179.
3, 131
What are the prime factors of 23268?
2, 3, 7, 277
List the prime factors of 39792.
2, 3, 829
List the prime factors of 1448.
2, 181
List the prime factors of 122195.
5, 24439
List the prime factors of 22069.
29, 761
List the prime factors of 37674.
2, 3, 7, 13, 23
List the prime factors of 24528.
2, 3, 7, 73
What are the prime factors of 325?
5, 13
What are the prime factors of 5844?
2, 3, 487
What are the prime factors of 357?
3, 7, 17
What are the prime factors of 18765?
3, 5, 139
What are the prime factors of 18584?
2, 23, 101
List the prime factors of 18408.
2, 3, 13, 59
What are the prime factors of 64104?
2, 3, 2671
What are the prime factors of 40804?
2, 101
List the prime factors of 3068.
2, 13, 59
What are the prime factors of 1971?
3, 73
List the prime factors of 11078.
2, 29, 191
What are the prime factors of 1040?
2, 5, 13
List the prime factors of 995.
5, 199
What are the prime factors of 3050?
2, 5, 61
What are the prime factors of 1140?
2, 3, 5, 19
List the prime factors of 19664.
2, 1229
List the prime factors of 1889.
1889
What are the prime factors of 5779?
5779
What are the prime factors of 1036?
2, 7, 37
What are the prime factors of 2136?
2, 3, 89
What are the prime factors of 13160?
2, 5, 7, 47
What are the prime factors of 104506?
2, 52253
List the prime factors of 14337.
3, 59
List the prime factors of 26506.
2, 29, 457
List the prime factors of 1863.
3, 23
List the prime factors of 12996.
2, 3, 19
List the prime factors of 268.
2, 67
What are the prime factors of 805?
5, 7, 23
List the prime factors of 4131.
3, 17
List the prime factors of 506.
2, 11, 23
What are the prime factors of 64648?
2, 8081
What are the prime factors of 24532?
2, 6133
List the prime factors of 11284.
2, 7, 13, 31
What are the prime factors of 3380?
2, 5, 13
List the prime factors of 1833.
3, 13, 47
List the prime factors of 46457.
46457
List the prime factors of 1451.
1451
What are the prime factors of 3204?
2, 3, 89
What are the prime factors of 16674?
2, 3, 7, 397
What are the prime factors of 1355?
5, 271
List the prime factors of 79293.
3, 26431
What are the prime factors of 582?
2, 3, 97
What are the prime factors of 4281?
3, 1427
List the prime factors of 26638.
2, 19, 701
List the prime factors of 3693.
3, 123